reatest common factor of 48 and w.
24
Let i be -4 - -5 - (24 - (0 + 1)). Let z be i/(-18) - 1/((-45)/(-10)). Calculate the greatest common divisor of z and 5.
1
Let k be (16/20)/(1 + (-462)/465). Suppose 0 = 4*d - 2*l + 10 - 114, 5*d - l - k = 0. Calculate the highest common factor of 264 and d.
24
Suppose -9*a - k + 116 = -8*a, a + 5*k - 112 = 0. What is the highest common divisor of a and 39?
39
Let b(d) = d - 11. Let i be b(20). Let g be ((-5)/(-60)*9)/(i/24). Calculate the greatest common divisor of g and 32.
2
Let b be (-80)/(-6) - (-6)/9. Let n(q) = 22*q + 38. Let m be n(4). What is the highest common factor of m and b?
14
Let d = -147 - -356. What is the highest common factor of 11 and d?
11
Suppose 164*z - 139*z - 4600 = 0. Let y = -8 + 31. What is the highest common divisor of z and y?
23
Suppose 0 = -2*f + 11*s - 12*s + 95, -f - 5*s = -25. Calculate the highest common divisor of 50 and f.
50
Suppose 996 = 4*u - u + 4*s, 3*s + 647 = 2*u. Calculate the greatest common factor of 82 and u.
82
Let t(q) = 10*q**3 - 2*q**2 + 10*q. Let c be t(4). Calculate the greatest common factor of 36 and c.
36
Suppose 0 = -5*p - 20 - 15. Let n = 12 - p. Calculate the highest common factor of n and 76.
19
Let x be -3 + 120/9 + (-18)/(-27). Let h be (3/6)/(1/120). Let r = -5 + h. Calculate the greatest common divisor of x and r.
11
Let l = -39 - -47. Suppose -5*r - l = -6*r. Calculate the greatest common divisor of 40 and r.
8
Let d be (-36)/(-42) + (-1500)/(-14). What is the highest common factor of 81 and d?
27
Let q(z) = -8*z + 24. Let p be q(-2). Calculate the highest common factor of p and 5.
5
Let j(y) = 6*y**3 - 2*y**2 + 3*y - 1. Suppose -1 = 4*f - 9. Let b be j(f). Calculate the highest common divisor of b and 18.
9
Suppose 5*r - o + 37 - 200 = 0, -31 = -r + o. What is the highest common divisor of r and 1529?
11
Let g be 182/26 + (2 - 0)*-1. What is the greatest common divisor of g and 7?
1
Suppose -8*q = -73 + 25. What is the greatest common factor of 114 and q?
6
Let y(u) = -48*u + 456. Let q be y(9). Suppose 5*b + 3*x = 9*b - 183, -5*b = 3*x - 249. What is the greatest common divisor of q and b?
24
Suppose 8 = x - 3*o, 3*x + 4*o - 37 = -0*o. Let h = 20 + x. Calculate the greatest common factor of 155 and h.
31
Suppose -y + 2*y - 19 = 3*z, y + 45 = -5*z. Let k(c) = -8*c - 9*c + 8 - 2 - 7. Let u be k(z). What is the greatest common divisor of 15 and u?
15
Let n be 1/2 - 285/(-6). Let q be (-5)/((-20)/n) + 3. Let u = q - -10. Calculate the highest common divisor of u and 5.
5
Suppose -5*g + 17 = m, 31 = 4*g - 6*m + m. Let u = -1 - -8. Suppose -3*d - 4 = -u. Calculate the greatest common factor of g and d.
1
Suppose 2*i - 5*q + 11 + 25 = 0, 3*q = i + 20. Let h = i - -47. Calculate the greatest common factor of 13 and h.
13
Let f be 1/(((-12)/(-184))/3). Calculate the highest common factor of f and 897.
23
Let o(k) = -k**2 - 12*k + 4. Let l be o(-10). What is the highest common factor of 64 and l?
8
Let k(q) = -q**2 + 16*q - 16. Let w be k(12). Calculate the greatest common divisor of w and 88.
8
Let h = -44 + 29. Let i be 95*(3 + 36/h). Let f = 9 - -10. Calculate the highest common factor of f and i.
19
Suppose 23*f - 2396 - 295 = 0. Calculate the greatest common divisor of f and 195.
39
Let t be -2 - ((-582)/30 - (-12)/(-20)). Calculate the greatest common divisor of 576 and t.
18
Suppose 5*o + 10 = -10. Let k be (-790)/20 - 2/o. Let y = k - -59. Calculate the greatest common divisor of y and 5.
5
Suppose -3*j + 5*j = 2*p - 24, -2*p - j = -24. Calculate the greatest common divisor of p and 18.
6
Let c be (2/3)/((-17)/(-51)). Calculate the highest common factor of 2 and c.
2
Let g(v) = 3*v**2 + 10*v - 7. Let b be g(-8). Let o(w) = 15*w**3 + w**2 - 2*w + 1. Let r be o(1). What is the highest common factor of r and b?
15
Let s(y) = 2*y + 4. Let u be s(4). Let n be u*2/(8/9). Suppose -5*o + 18 + n = 0. What is the greatest common factor of 45 and o?
9
Suppose -101*v = -102*v + 5. Calculate the highest common factor of v and 5.
5
Let a(t) = 5 - 8*t - 5*t + 4*t + 7. Let b be a(-4). What is the greatest common factor of 72 and b?
24
Suppose -2*u + 102 = -90. Let v = 22 + -6. Let n = v - 4. What is the greatest common factor of u and n?
12
Suppose -12*f = 4 - 676. What is the greatest common divisor of f and 98?
14
Let y = 7 + -2. Suppose 1 + 15 = 4*p, 0 = -5*f + y*p + 580. What is the greatest common factor of 6 and f?
6
Let d be 1/(-4) - 2418/24. Let t be d/(-2) + (-35)/10 + 4. What is the greatest common divisor of 34 and t?
17
Let j(p) = 2*p**3 + 59*p**2 - 27*p + 94. Let q be j(-30). What is the greatest common factor of 180 and q?
4
Suppose -27 = 6*q + 3. Let u(f) = -2*f**3 - 7*f**2 - 7*f + 2. Let b be u(q). Calculate the greatest common factor of b and 14.
14
Let p(y) = y**2 + 2*y + 1. Suppose -15 + 0 = s + 2*m, -m = 2. Let k be p(s). Suppose k = 4*v + v. What is the greatest common factor of 50 and v?
10
Let l = -306 - -349. What is the highest common divisor of 817 and l?
43
Suppose 14*m - 261 = 13*m. Suppose 36 = -9*l + m. What is the highest common factor of l and 175?
25
Let b(z) = z**3 - 11*z**2 + 2*z - 22. Let g be b(11). Let v = g + 46. Calculate the highest common divisor of 414 and v.
46
Let c(p) = 5*p**2 + 75*p + 25. Let j be c(-29). Calculate the highest common divisor of j and 15.
15
Let u(s) = 6*s - 34. Let a be u(6). What is the highest common divisor of a and 109?
1
Let g(c) = 85*c. Let s be g(1). Suppose -6*q - s = -q. Let t = 26 + q. What is the highest common factor of t and 6?
3
Let w be 1 - -3 - 1/1. Let c = 17 + -11. Suppose w*n + 135 = c*n. What is the highest common divisor of 30 and n?
15
Let m be (-15)/2*((-318)/30 + 7). What is the highest common divisor of m and 72?
9
Suppose -5*d + 9*d = 0. Suppose -10 = 2*g - 0*g - 5*h, -5*h + 20 = d. Calculate the greatest common factor of 55 and g.
5
Let w(m) = -13*m**3 - 12*m**2 + 3*m - 87. Let j be w(-7). What is the highest common divisor of 53 and j?
53
Suppose -3*p = 2*t + 39, -2*t - 4*p - 80 = 2*t. Let x = -8 - t. Let s be (14 - (3 + -2))*(-55)/(-5). What is the greatest common factor of s and x?
13
Suppose 0 = 33*i - 34*i + 110. What is the greatest common factor of i and 22?
22
Let z be 1/(3 + -4) - 421. Let t = 606 + z. What is the greatest common factor of t and 46?
46
Let n be (18/(-15))/((-1)/(-10)). Suppose 0 = -12*f - 45 - 87. Let l = f - n. Calculate the highest common divisor of l and 5.
1
Let v = 1142 - 1132. What is the highest common divisor of 3 and v?
1
Let v be (-3 - (5 + -7))*-114. Suppose v = 3*b - 534. What is the greatest common divisor of 8 and b?
8
Let o be ((-4)/6)/(49/(-4116)). Calculate the highest common divisor of o and 35.
7
Suppose -5*b + 1301 + 399 = 2*m, m = 0. Suppose 9*f - b = 7*f. Calculate the highest common divisor of f and 68.
34
Let d be (-24)/(-10)*20/8. Suppose 0 = -d*s + 2*s. Let c = s - -4. Calculate the highest common divisor of c and 12.
4
Let w = 24 + -20. Let i be (-28 - 8)*(1/w - 1). Calculate the greatest common factor of 3 and i.
3
Suppose -30*a + 28*a = -1640. What is the highest common divisor of a and 20?
20
Let t = -10 - -13. Let g be 28 - ((-3)/t + 4). What is the greatest common factor of 200 and g?
25
Suppose -4*c + 214 = 2*b, -c + 45 = -b - 13. Calculate the highest common factor of 44 and c.
11
Let k be (-20)/(-70) + 4/(-14). Suppose -4*n - 79 + 203 = k. Let q = -12 + n. Calculate the greatest common factor of q and 95.
19
Suppose -2*t = -268 + 36. Suppose -2*n + t = 3*q, -3*q - 2*q + 184 = n. Calculate the greatest common divisor of q and 27.
9
Suppose 7*o - 21487 = -7424. What is the greatest common factor of o and 49?
49
Let g(r) be the first derivative of -r**4/4 + 4*r**3/3 - 4*r - 2. Suppose 30 = 4*m + 18. Let f be g(m). What is the greatest common divisor of 10 and f?
5
Let x(l) = l + 2. Let i be x(-1). Let d be i/(2 - (-1089)/(-545)). Let c be d/15 - 1/3. Calculate the greatest common divisor of 90 and c.
18
Suppose 2*a + 39 - 259 = 0. Let c = 122 - a. What is the highest common divisor of 108 and c?
12
Suppose -5*x = 3*s + 1 - 11, 2*s - 4*x - 14 = 0. Suppose n = 3*i - n - 34, -s*n + 15 = 5*i. What is the highest common divisor of 24 and i?
8
Suppose -4*l = -16*h + 13*h + 164, -158 = -3*h + l. Let o = 221 + -